st common divisor of k and 117.
13
Let m be (-7)/1 + -376 + 889. What is the greatest common factor of 1311 and m?
23
Suppose -3*t - 659 = -4*t - 5*v, 5*t - 3175 = -v. Suppose 5*a - 111 - t = 0. Let o = 317 - a. What is the greatest common factor of o and 24?
24
Let m(f) = f**3 - 7*f**2 - 20*f + 20. Let y be m(9). Suppose 2 = y*i - 0. Let j be -2 + i + -2 + 5. What is the greatest common divisor of j and 5?
1
Suppose 240 = -13*w + 16*w - 3*l, w + 2*l - 77 = 0. Let y = w + 82. Calculate the greatest common divisor of 23 and y.
23
Suppose 3*m = -2*m + a + 13, -2*m + 3*a = 0. Suppose 4*z - 28 = -5*j, 3*z - m*j - 14 = 34. What is the highest common divisor of 276 and z?
12
Let j = -364 + 389. Suppose -b + j + 14 = 0. Calculate the greatest common divisor of b and 377.
13
Suppose -9*q + 91 = -98. Suppose -q*r = -53*r + 9216. What is the highest common divisor of 18 and r?
18
Suppose -w = 85 - 87. Suppose -d + 27 = 4*t, w*t = 5*d - 0*d + 19. Calculate the highest common factor of t and 14.
7
Let a(i) be the second derivative of -2*i**3/3 + 143*i**2/2 + 3*i - 4. Let w be a(13). Calculate the greatest common factor of w and 117.
13
Let u be ((-2)/4*-7)/(-25*(-21)/7350). Calculate the highest common factor of 3703 and u.
7
Let c(z) = -z + 4. Let r be c(9). Let s be ((-22)/42 - r/(-35))*-21. Let q(o) = -o + 23. Let f be q(s). What is the greatest common divisor of f and 81?
9
Let g = 42 - 39. Suppose g*j - 16 = 4*o + 22, -35 = -5*j + o. Calculate the highest common divisor of 18 and j.
6
Let w be 18*(-16)/(-1008) - (-35136)/14. Suppose -14*g = -9*g - 2*c - w, g + 4*c = 480. What is the highest common divisor of g and 4?
4
Suppose 0 = -6*c - 94 + 1534. Suppose 19*o - c = 235. What is the highest common factor of o and 2?
1
Suppose 705 - 89 = 28*f. Let m be ((-11)/(-3))/((-4)/(-108)). Calculate the greatest common divisor of f and m.
11
Suppose 16 + 24 = 20*g. Suppose 28 = 4*j - g*q, 2*j = -5*q - 1 + 3. Suppose -5*k - i + 325 = 0, -4*i - 10 = -2*i. What is the highest common factor of j and k?
6
Suppose -6*q + 226 = -0*q - 134. Calculate the greatest common divisor of q and 6020.
20
Let l = -514 - 1080. Let b = -1114 - l. Calculate the greatest common factor of b and 80.
80
Let w = -66 + 124. Suppose 61 + w = 7*r. What is the greatest common divisor of r and 289?
17
Let o be (1386/(-495))/(1 + (-6)/5). Let f = 12 + -3. Let u = f - -117. Calculate the greatest common divisor of o and u.
14
Let l = 52 + -43. Suppose -l*i + 612 + 5031 = 0. Calculate the greatest common divisor of i and 114.
57
Let a(u) be the second derivative of u**3/6 + 17*u**2/2 - 87*u. Let d be a(11). Let b be (-116)/(-16) - (-3)/4. Calculate the highest common divisor of d and b.
4
Let p = -49 - -72. Suppose -4*c - w = -13 - 136, -c - 5*w = -p. Suppose -3*o + 13 = -c. Calculate the greatest common factor of o and 17.
17
Suppose 37607 = 18*z + 675 - 48118. What is the greatest common factor of z and 126?
63
Suppose -3*h - 12826 = -25*h. Let p = 622 - h. What is the greatest common divisor of 663 and p?
39
Suppose -128*p = -130*p - 1808 + 10500. What is the greatest common divisor of 318 and p?
106
Let v = -27288 + 45708. Calculate the greatest common divisor of 20 and v.
20
Let b = -26253 + 26770. Suppose -5*s + 37 = -18. What is the highest common factor of b and s?
11
Let w = 113 - 111. Suppose 5*r - 580 = -5*g, -50 = -w*g + 4*r + 158. What is the greatest common factor of 8 and g?
8
Suppose 38 = -11*u + 126. Let s(t) = t**3 - 9*t**2 + 5*t - 12. Let z be s(u). Let g be (z/(-14))/(2/14). What is the highest common factor of g and 36?
18
Let b = 1676 - 1180. Let x = 544 - b. What is the highest common divisor of 208 and x?
16
Let l(c) = c**2 + 5. Let q be l(-5). Suppose 132*b = 135*b - 441. Let f = -102 + b. What is the highest common factor of q and f?
15
Suppose -2*n = -n - 3. Suppose -3*g + 5*z + n = 5, -20 = 4*z. Let k = -4 - g. What is the highest common divisor of k and 20?
5
Let l(p) = 1911*p - 649. Let t be l(4). What is the greatest common factor of 5 and t?
5
Suppose 7*x = -52 + 10. Let m be 690/18 + 2/x. Let c be ((-38)/(-3))/((96/(-54))/(-8)). What is the highest common divisor of m and c?
19
Let g(l) = -l. Let s(y) = -2*y + 34. Let z be s(17). Let v be g(z). Suppose v = i + 2*i - 9. Calculate the greatest common divisor of i and 3.
3
Let s(v) = v**2 + 26*v + 85. Let a be s(-3). Let p be 21*a/14*98/84. What is the highest common factor of 70 and p?
14
Suppose -8*s - 9*s = -340. Suppose -9*m + s = -16. Suppose m*t - 204 = -4*v + 2*v, -5*v + 5*t + 570 = 0. Calculate the greatest common factor of v and 10.
10
Suppose 4*j - 6*j - 8 = 0. Let l be (-329)/(-28) + (-1)/j. Let s = -225 - -333. Calculate the greatest common factor of l and s.
12
Let o = 2834 + -1329. Suppose -2*u = -5*c + o, c + c + 4*u - 578 = 0. Calculate the greatest common divisor of c and 13.
13
Suppose 0 = 2*g - 34*x + 39*x - 306, 5*x - 153 = -g. What is the highest common factor of g and 867?
51
Let z be 408/4896 + (-347)/(-12). Calculate the highest common factor of 24331 and z.
29
Let m be (-18 + 12)*128/(-12). Calculate the highest common divisor of m and 1432.
8
Suppose -18*c - 52 = -340. Suppose -2*y + y = -c. What is the highest common factor of 64 and y?
16
Let p(b) = -7*b**3 - 49*b**2 - 30*b - 29. Let d be p(-9). What is the greatest common divisor of 10 and d?
5
Let t = 75 + -69. Suppose 3*a + 18 = t*a. Suppose -3*k = -a*k - 2*n + 2, -5*k - 3*n + 5 = 0. Calculate the greatest common factor of k and 32.
4
Suppose 3*n - 1695 = 630*u - 635*u, 2*n - 1149 = 3*u. Calculate the greatest common factor of n and 102.
6
Suppose -500*z + 175541 + 169379 - 57420 = 0. What is the greatest common factor of z and 2225?
25
Let o be 154*((-35)/(-6))/(27 + (-836)/33). What is the highest common factor of 902 and o?
11
Let q(u) = 29*u + 869. Let g be q(-29). What is the greatest common divisor of g and 812?
28
Let g be -5 + (-21)/(-7) - -16485. Calculate the highest common factor of 53 and g.
53
Let h(q) = 2666*q**2 + 29*q - 31. Let f be h(1). Calculate the greatest common divisor of 37 and f.
37
Suppose 0 = -5*b + 23 + 112. Suppose 251858*h - 251868*h + 60 = 0. What is the greatest common divisor of b and h?
3
Suppose 585 = -88*j + 93*j. Calculate the greatest common divisor of j and 1313.
13
Suppose 4*z + i - 126 = 0, -110*z + 2*i = -107*z - 78. Calculate the greatest common divisor of 1035 and z.
15
Let j = -2035 - -2045. What is the greatest common divisor of 410 and j?
10
Let x be 1665/2 - 7/(-14). Let o = -27104 - -27121. Calculate the greatest common factor of x and o.
17
Suppose 4*a + 711 = 3*j, 986 = 4*j - 919*a + 920*a. What is the greatest common factor of 770 and j?
35
Let c = 242 - 241. Let p be c/(4/96) + (-11 - -7). Calculate the highest common divisor of 460 and p.
20
Let l = 4448 + -4130. What is the highest common factor of 477 and l?
159
Let m be (17965/60 + (-4)/24)/(12/32). Calculate the highest common divisor of m and 1102.
38
Let d be 1528 + 0 - (2 - 1)*-2. Suppose 97*u = 102*u - d. Let c(r) = -r**3 + 8*r**2 - 7*r + 4. Let z be c(6). What is the greatest common divisor of u and z?
34
Let f be ((48/(-14))/(-2))/((-12)/(-471366)*43). Calculate the highest common factor of 58 and f.
58
Let r(i) = -354*i - 1387. Let y be r(-4). Calculate the greatest common divisor of 2001 and y.
29
Let t(j) = j**2 + 9*j - 28. Let p be t(-14). Suppose v - 4*v = -p. Let d be (-226)/(-8) + (-11)/44. Calculate the greatest common factor of v and d.
14
Let j be 15/(-55) - 143814/(-242). Calculate the greatest common divisor of 44 and j.
22
Let a(s) = -3*s - 19. Let k = -53 + 42. Let p be a(k). Suppose 6*c - 284 = -p. Calculate the greatest common factor of 5 and c.
5
Let b be ((-34)/4)/((-1)/8). Suppose 8*u - 120 = 11*u. Let r be 13*u/(-5) - 2. Calculate the greatest common divisor of r and b.
34
Let y = 70 + -68. Let q(t) = -t**3 - t + 2. Let h be q(y). Let j(s) = 6*s**2 + 8*s - 12. Let u be j(h). What is the highest common divisor of 28 and u?
28
Let d = -104 + 202. Suppose d = j + 41. Calculate the highest common factor of j and 285.
57
Let q = 3862 + -2380. Calculate the greatest common divisor of 114 and q.
114
Let d(z) = 5*z**2 + 21*z + 4. Let l be d(-5). Suppose l*v - 78 = 21*v. What is the highest common factor 